j(-3).
-8
Let i be 4/12*18 - 4. Let b(j) = -27*j**2 + 69*j**i - 23*j**2. Suppose 7 = -n - 3*t, -n + 4*n - t = -1. Calculate b(n).
19
Let w(s) be the first derivative of s**4/4 + 3*s**3 - 13*s**2/2 + 9*s - 225. Give w(-10).
39
Let s(i) = 14*i + 77. Let r(h) = 66*h + 310. Let f(j) = -2*r(j) + 9*s(j). Determine f(12).
1
Let l(i) = 18*i**3 - 3*i**2 - 27. Suppose -5*g - 19*g = 192. Let m(y) = 29*y**3 - 5*y**2 - 41. Let r(t) = g*l(t) + 5*m(t). Determine r(0).
11
Let a(q) = 0*q + q + 216 + 222 - 453. Calculate a(-19).
-34
Let d(i) = -48*i - 550. Let y(m) = 14*m + 184. Let j(u) = 3*d(u) + 10*y(u). Calculate j(46).
6
Let l(d) be the third derivative of -13*d**2 - 7/24*d**4 + 0 - 2*d + 1/2*d**3. What is l(3)?
-18
Let r be (8/(-28))/((-14)/343). Let k = -35 + 41. Let b(o) = k*o + 0 - 7 - o**2 + 2*o. Calculate b(r).
0
Let z(g) be the first derivative of g**3/3 - 9*g**2/2 + 2*g - 2022. What is z(14)?
72
Let w(a) = a**2 - 2*a + 4. Let c be w(3). Let p = c + 0. Let g(o) = 3*o - 6 + 2*o**2 + o**3 - 8*o - 8*o**2. Give g(p).
8
Let m = -3263 + 3262. Let h(c) = 19*c - 15. Give h(m).
-34
Let b(y) = y**2 - 5*y + 2. Suppose 4*j = 8, 0 = g - 8*j + 4*j + 6. Suppose 3*t + 76 = 3*i + 43, 4*i - 34 = g*t. What is b(i)?
8
Let b(q) = 936*q - 2 - 935*q + 4 + 4*q**2 + q**3 - 4. Calculate b(-4).
-6
Let j = 8577 - 8552. Let q(k) = -4*k + 56. Calculate q(j).
-44
Let q = 26197 - 26203. Let h(r) = -13*r**2 - 80*r - 3. Determine h(q).
9
Suppose -3*u - 48 - 1521 = 0. Let f = -525 - u. Let g(z) = z + 4*z + 1 - 3*z. What is g(f)?
-3
Let z(p) = -6*p**3 + p**2 + p. Let v = -213 - -300. Let h = -81 + v. Suppose -4*a - a = -2*r - 17, h = 2*a. Determine z(r).
6
Let s(l) = -11*l + 11. Let j(u) = -31*u + 31. Let q(k) = -6*j(k) + 17*s(k). Suppose i - 14 = -4*x, 4*i - 11 = -5*x + 6*i. What is q(x)?
-2
Let o(q) = q - 7. Let l be (-3)/3 - (-5 + -19). Let p = 28 - l. Calculate o(p).
-2
Let t(v) be the first derivative of v**4/24 - 11*v**3/6 + 3*v**2 - 8*v - 116. Let z(u) be the second derivative of t(u). Give z(14).
3
Let u = 54 + -50. Suppose 24 = 2*k + 2*k. Let m(p) = 4*p + 7 + u*p - k*p. Give m(-6).
-5
Let m(n) = n**2 + 11*n - 4. Suppose 6*t = 1271 - 173. Suppose -5*o + 138 = t. Determine m(o).
-22
Let b(o) = 2*o**2 + 8*o - 26. Let h = 34079 + -34076. Give b(h).
16
Let b(m) = -1 + 63*m**2 + 2 + m - 7*m - 2*m - 71*m**2. What is b(-1)?
1
Let w = -2816 + 2814. Let g(y) = -17*y - 16. Give g(w).
18
Let s(d) = 2*d + 5. Let m(h) = 8*h + 24. Let f(i) = 5*m(i) - 24*s(i). Let p = -72 + 71. Calculate f(p).
8
Suppose 29*n + 128 = 82 - 70. Let p(d) = d**2 + 6*d + 16. What is p(n)?
8
Let g(q) = -141*q**2 + 0*q + 28 + 140*q**2 + 15*q - 11*q. Determine g(7).
7
Suppose 82 = 5*o - 2*l, -30*o - 4*l + 106 = -25*o. Let b(a) = -a**3 + 19*a**2 - 17*a - 16. What is b(o)?
2
Let d(j) = -14*j**3 + 23*j**2 - 11*j + 117. Let g(n) = 40*n**3 - 65*n**2 + 31*n - 348. Let t(p) = 17*d(p) + 6*g(p). Give t(0).
-99
Let i(u) = u**3 - 7*u**2 + 5*u + 6. Let b = -487 + 495. Suppose -5*o = 2*n + b - 0, -2*o - 8 = 0. Determine i(n).
0
Suppose 4*x - 5*a - 2 = 19, x = -2*a + 15. Let h be -2 - (40/(-4))/5. Let c(o) = -6 + o**3 - o + 8 - 9*o**2 + h*o. What is c(x)?
-7
Let t = -22716 - -22709. Let g(x) = 24*x + 36. Let k(i) = 5*i + 7. Let b(d) = 3*g(d) - 14*k(d). What is b(t)?
-4
Let j(x) = 3*x**2 + 489*x + 106. Let z(p) = -4*p**2 - 686*p - 150. Let q(f) = 7*j(f) + 5*z(f). Let g(m) = -m + 9. Let y be g(0). What is q(y)?
10
Let a(r) = r**3 - r**2 - r - 5. Let s be (0/(-4))/2 + (-45)/(-5). Let l = s - 9. Give a(l).
-5
Let p(d) = 10*d + 26. Let w = -30874 + 30863. Determine p(w).
-84
Let h = -232 + 235. Suppose 3*m = 2*m - 4, -8 = -4*b + h*m. Let n(g) = 2*g + 3*g + 8*g**3 - 4*g. Determine n(b).
-9
Let k(r) be the first derivative of -2*r**3/3 + 3*r**2/2 + 21*r - 164. Let p(v) = -v**2 + 2*v + 11. Let f(g) = 6*k(g) - 11*p(g). Determine f(-6).
-7
Let k(v) = 3*v - 1. Let z(d) = -d**3 + 18*d**2 + 8*d - 38. Let x be z(19). Let w = x + 251. Give k(w).
11
Let d(r) = 332*r + 13. Let i(s) = -180*s - 7. Let u(y) = 6*d(y) + 11*i(y). Determine u(-4).
-47
Let t(g) be the second derivative of g**7/1260 - g**6/720 - g**5/120 + 8*g**4 + 14*g. Let v(h) be the third derivative of t(h). Give v(-2).
9
Let u(b) = 17*b**2 + 42131*b - 42124*b + 0*b**3 + 12 + 2*b**3. Calculate u(-8).
20
Let u(p) = -10*p**3 + p**2 + p - 1. Let h(s) = 3*s**3 + 48*s**2 - 18*s + 34. Let w be h(-16). Suppose 330 - w = 8*v. What is u(v)?
-9
Let f(t) be the first derivative of -65 + t - 9/2*t**2. Give f(-2).
19
Let d(n) = n**2 - 69*n - 284. Let r be 5913/(-243)*-6*3/6. What is d(r)?
8
Let g(t) = -t**2 - 7*t + 7. Suppose 5*l - 3*r = 37, -9 = 2*r - 1. Suppose 401 - 366 = -l*o. Calculate g(o).
7
Let m(j) = j**3 - 7*j**2 - 8*j + 5. Suppose 2*s - 20 = -a, -2*a + 3*s + 28 = 5*s. What is m(a)?
5
Let r(p) = -p**2 + 8*p + 11. Let l = 2875 + -2881. Calculate r(l).
-73
Let x = 2765 - 2759. Let d(y) = y**2 - 6*y + 3. Give d(x).
3
Let d(w) = -w**2 - 18*w + 47. Let u be d(-20). Let j(a) = -16 + 2*a - u*a - 11 + 28. Suppose 0 = 4*n - 4*p + 12, -5*n + 21 = -0*p + 4*p. Determine j(n).
-4
Let t be ((-115)/15 - -6)*(-324)/54. Let z(k) = -k**3 + 10*k**2 - 10*k + 91. Determine z(t).
-9
Let h(z) = 16*z + 29. Suppose 2*f + i = -163 + 132, 4*f + i = -55. Give h(f).
-163
Let h be (12/(-48) + (-39)/4)/(-6). Let k(p) be the first derivative of 4*p + 1/4*p**4 + p**2 + h*p**3 - 5. What is k(-5)?
-6
Let t(b) = b**2 - 4*b + 8. Let i be (2 - (-938)/28) + 1/2. Suppose i*c = 51*c - 105. What is t(c)?
29
Let y(o) = 58 - o - 64 + 2*o. Suppose 2*p + 179 = -3*c + 187, 5*c + 50 = 3*p. What is y(p)?
4
Suppose 3*q + 0 = -9. Let i(r) be the first derivative of r**2/2 + 4*r - 1281. Calculate i(q).
1
Let p(h) = -6*h**3 + 2*h + 6. Let c(r) = r**3 - r**2 + r. Let f(a) = -5*c(a) - p(a). Suppose 3*l - 654 = -672. What is f(l)?
0
Let d(x) = -4*x**3 - 2*x**2 + 3*x + 1. Let f be d(1). Let a(c) be the second derivative of 2*c**3/3 - c**2/2 + 40*c. Give a(f).
-9
Let h(r) be the first derivative of 2*r**3/3 + 5*r**2/2 - 2*r - 1. Suppose 22 = 5*d - u + 54, 5*d = -4*u + 3. Give h(d).
23
Let c be (-150)/20*(-4)/6. Let n(y) = 7*y - 1. Let m(u) = -20*u + 3. Let s(a) = -6*m(a) - 17*n(a). Calculate s(c).
4
Suppose -3*b + 3*q = 2*q - 9, 4*b - 4 = 4*q. Suppose -3 = -b*h + 5. Let g(s) = -3*s - 4 + 50*s**2 - 52*s**2 + h. Determine g(-2).
-4
Let y(p) = 3*p + 84. Suppose 36*u - 330 = 47*u. Let l be y(u). Let f(s) = -s**2 + 2*s + 8. What is f(l)?
-40
Let y be (-2)/10 + 5/25*26. Let t(z) = 6*z**2 + 6*z + 8. Let o(h) = 5*h**2 + 5*h + 7. Let l(w) = y*o(w) - 4*t(w). Give l(0).
3
Let k(m) = 6*m**2 + 132*m - 8. Let c(x) = 5*x**2 + 106*x - 6. Let z(f) = 16*c(f) - 13*k(f). What is z(10)?
8
Let i(y) = -y**2 + 2*y + 2. Let n(g) = 7*g**2 - 28*g - 42. Let o(d) = -8*i(d) - n(d). Determine o(-12).
26
Let x(d) = 34*d - d**2 - 32*d + 1 - 4. Let k(w) = 2*w**2 + 6*w + 5. Let s be k(-5). Let z = s + -22. Give x(z).
-6
Let d be 3*(123/(-63) + (-18)/(-63)). Let s(l) = l**3 + 5*l**2 - 3*l + 5. What is s(d)?
20
Let f(l) = l**3 - 9*l**2 - 10*l - 11. Let j(g) = 2*g**2 + 2*g - 13. Let s be j(-5). Suppose -35*h = -s*h - 80. What is f(h)?
-11
Let g(a) = a**2 - 5*a + 1. Let h be (16 - (-3 - -12))*(-12)/(-7). Suppose -k - h - 4 = -5*c, 5*c = -4*k + 36. Determine g(c).
-3
Let i = 176 + -168. Let u(l) = -8 + 0*l**2 + 3*l**2 + 3*l**2 + i*l + 2*l**2 - 9*l**2. Calculate u(7).
-1
Let n(s) = -2*s + 3. Suppose 0 = j - 2*r - 69, 2*r - 4*r = -3*j + 187. Let v(l) = 112 - j - 59 + 5*l. Let k(p) = 9*n(p) + 4*v(p). What is k(-4)?
-5
Let t(v) = v**2 + 9*v - 26. Let s(u) = -u**3 - 77*u**2 + 5*u + 375. Let o be s(-77). Give t(o).
-16
Suppose -4*t = 3*k + 6, -1342*k + 27 = -1344*k + 5*t. Let f(n) be the third derivative of -n**5/60 - 5*n**4/12 - 13*n**3/6 + 12*n**2. Give f(k).
11
Let n(s) = -s**2 - 2*s + 5. Let r be (4 + (-3 - -1))*-2. Let h be n(r). Let q(u) be the third derivative of u**5/60 + u**4/12 - u**3/2 + 3*u**2 - u. Give q(h).
0
Suppose 3*p - 8 = p. Let f be (-16)/(-56) + p/(-14). Let k be (2 - f)/(6/(-9)). Let w(d) = d. Determine w(k).
-3
Let g(o) = -o**3 + 3*o - 1. Let w = 700 - 629. Suppose 76*d = w*d - 15. What is g(d)?
17
Let c(i) = -i + 1. Let g(q) = 8*q**2 - 4*q - 6. Let m(s) = -12*s**2 + 7*s + 9. Let k(n) = 8*g(n) + 5*m(n). Let r(u) = 2*c(u) + k(u). Calculate r(1).
4
Let r(g) be the 